remainder when 10463 is divided by z?
89
Suppose -17*b + 4*b + 52 = 0. Suppose -4*d = -5*z - 5 + 29, -5*d = -b*z + 21. Let n = -6 - -8. Calculate the remainder when z is divided by n.
0
Let w = 367 - 387. Calculate the remainder when 12/w + 313/5 is divided by 11.
7
Suppose 5*y + 90 = -4*v, 4*v - 16 = -36. Let h(j) = -j - 8. Let d be h(y). Let r(c) = -c**2 + 10*c + 1. Calculate the remainder when 99 is divided by r(d).
24
Let m = 8 + -3. Let z(s) = -s + 7. Let t be z(m). Suppose -t*a + 3 + 81 = 0. Calculate the remainder when a is divided by 9.
6
What is the remainder when 512 is divided by (17 - (1 + 13)) + (-69)/(-3)?
18
Suppose 5*h + 3*r = 30, 0 = -5*h + 3*r - 0*r. Suppose -h*p - 6*v + 7*v = -66, 4*p + v = 95. What is the remainder when p is divided by 20?
3
Suppose -2*n + 25 = -3. Let t(f) = -3*f**3 - 21*f**2 - 15*f - 9. Let y be t(-8). Let s = y - 272. Calculate the remainder when s is divided by n.
3
Let m be (6/(2/2))/((-60)/160). Let c(k) = -k**3 - 16*k**2 - 12*k - 35. Let t = -25 - -57. What is the remainder when c(m) is divided by t?
29
Let w be (17/7 - 1)*21 - -3. Let c be 13/3*(0 + 9). Let g = c - w. Calculate the remainder when 28 is divided by g.
4
Suppose -2*x + 2 = 2*f - 0*x, -5*x - 1 = 2*f. Suppose 3*t - f*t - 134 = 0. What is the remainder when t is divided by (1/(-4)*10)/(5 + (-124)/24)?
14
Suppose 4*p - 492 = -m, 151*p - 146*p - 604 = -4*m. What is the remainder when 367 is divided by p?
119
Suppose -6325 = 10*r - 35*r. Suppose -260*k = -r*k - 518. What is the remainder when k is divided by 16?
10
Suppose 31*r - 2301 - 1418 = 931. Calculate the remainder when 754 is divided by r.
4
Let g(f) = 30 - 3*f + 18 - 21 + 32. Let s be g(-6). Calculate the remainder when 19 is divided by 11/s + 68/14.
4
What is the remainder when (-9)/495*10 + (5064/22 - -4) is divided by 153?
81
Let j be 15*(-2)/((-24)/(4/1)). Suppose j*n - 600 = -n. Let u = -24 + n. Calculate the remainder when u is divided by 26.
24
Let s(p) = -p**3 - 108*p**2 - 116*p - 874. What is the remainder when 959 is divided by s(-107)?
69
Suppose p - 28 = -2*l, -l + 53 = 4*p - 2*p. Let g = -9 + p. Suppose 8*h - 124 = 396. What is the remainder when h is divided by g?
14
Suppose 0 = -4*f + q + 75, -5*f + 80 = -3*f + 8*q. Calculate the remainder when 2137 is divided by f.
17
Let g = -9153 + 9244. Calculate the remainder when 741 is divided by g.
13
Let a = -19069 - -21596. Calculate the remainder when a is divided by 502.
17
Let f = -91129 - -91189. Calculate the remainder when 470*((-1)/2 + 1) is divided by f.
55
Suppose 15 = 5*i - s, 4*i + s + s = 26. Suppose -i*m - 51 = -179. Calculate the remainder when m is divided by 1/(2*(-2)/(-28)).
4
Suppose -669 = 6*z + 75. Let y = z - -65. Let d = y + 84. What is the remainder when d is divided by 7?
4
Suppose 1363*h = 1360*h + 2*r + 4122, -2*r + 1390 = h. What is the remainder when h is divided by 33?
25
Calculate the remainder when 198/2 - (-4)/(-6)*279/(-31) is divided by 4.
1
Calculate the remainder when 1/(-4) - ((-3389)/4 + 876/(-73)) is divided by 105.
19
Let g be -6 - 804 - (2 + -3)*4. Let m = g + 820. What is the remainder when 125 is divided by m?
13
Suppose 0 = 38*n + 81*n + 35*n - 5698. Calculate the remainder when 8952 is divided by n.
35
Suppose 0 = 5*l - 63 - 2. Suppose o + 4*n - 1 = -9, 5*o - 4*n - 8 = 0. Suppose o = q + 21 - 29. Calculate the remainder when l is divided by q.
5
Let x(o) = 3*o + 61. Let v be x(-19). Suppose 7 + 9 = -v*s, 5*s - 116 = -2*b. Calculate the remainder when b is divided by 20.
8
Let a(g) = 6*g**2 + 4*g + 11. Calculate the remainder when a(-10) is divided by 18.
13
Let m be 1/(1/292) + 4. Let r = m + -271. Calculate the remainder when r is divided by 13.
12
Let j be (-1092)/(-390)*10/4. Suppose 22*m - 360 = j*m. Let z(t) = t**3 + 9*t**2 + 7*t. What is the remainder when z(-6) is divided by m?
18
Let b = 306 + -302. Suppose -2*c = -w + 12, -w + 5*c = -11 - b. What is the remainder when 34 is divided by w?
4
Let w be ((-721)/(-2))/(-7)*-4. Let d = w - 313. Let r = d + 131. Calculate the remainder when 94 is divided by r.
22
Let p = 856 + -830. Calculate the remainder when 96 is divided by p.
18
What is the remainder when 97 is divided by -3 + (-19 - -20) + 28?
19
Suppose -2*t + 5*t = -4*w + 5, 0 = -4*t + w + 13. Suppose -2*m + 91 = -b, -t*m + 136 + 3 = -4*b. What is the remainder when m is divided by 26?
19
Let v = -32 + 46. Let o(d) = -d**3 + 42*d**2 - 148*d - 101. What is the remainder when o(38) is divided by v?
9
Suppose -3*r = -5*q - 193, 5*q = -3*r - 3 + 116. What is the remainder when 2497 is divided by r?
49
Suppose 8*o - 30 - 146 = 0. Let z = -19 + o. Suppose -6*d = -z - 3. What is the remainder when 5 is divided by d?
0
Let q = -27 + 404. Suppose 0 = 3*z + q - 500. What is the remainder when z is divided by 17?
7
Let w = -476 + 503. Calculate the remainder when 352 is divided by w.
1
What is the remainder when 72/(-27)*417/(-2) + 7 is divided by 46?
11
Let c(a) = -2*a**2 + 8*a - 5. Let h be c(5). Calculate the remainder when (-1 - 0)*h*3 is divided by 15.
0
Let u = 1758 - 1733. Let l(w) = w**2 + w + 1. Let n(i) = -3*i**2 - i - 4. Let f(d) = -2*l(d) - n(d). What is the remainder when u is divided by f(-3)?
11
Let t be 3 - -5*(-2 + 5). Let k = t - 8. Let v = 1910 + -1904. Calculate the remainder when k is divided by v.
4
Let u(a) = a**2 - 66*a - 740. What is the remainder when u(-13) is divided by 53?
22
Let g = 67 - 346. Let v = -63 - -105. Calculate the remainder when v is divided by 4/(-14) + g/(-21).
3
Suppose 38*x + 2375 - 8531 = 0. Calculate the remainder when 801 is divided by x.
153
Let q = -76 - -85. Let b(n) = -5 - n**3 - 4 + 42*n**2 - 32*n**2 - 7*n. Calculate the remainder when 26 is divided by b(q).
8
Let h(l) = 10*l**2 + 65*l + 359. What is the remainder when h(-8) is divided by 15?
14
Let g = 11343 - 11334. What is the remainder when 2265 is divided by g?
6
Let w = 36536 - 36516. What is the remainder when 13258 is divided by w?
18
Let j(o) = 43*o - 330. Calculate the remainder when j(48) is divided by 31.
29
Suppose -12*l - 6 = -15*l. Calculate the remainder when 142 is divided by (164/123)/(-2*l/(-48)).
14
Let o(r) = 31*r - 227. Calculate the remainder when 396 is divided by o(20).
3
Calculate the remainder when 238 is divided by (-19)/(266/70) + 9.
2
Suppose 0 = 56*m - 20483 + 15800 - 19341. What is the remainder when m is divided by 48?
45
What is the remainder when (-223)/(-1) + 1*(-2 - -8) is divided by 106?
17
Let b(o) be the second derivative of -42*o + 5/2*o**3 - 1/20*o**5 + 0 - 1/4*o**4 + 2*o**2. Calculate the remainder when b(-6) is divided by 14.
8
Let k = 767 + -749. Calculate the remainder when 33 is divided by k*1 - (-4)/(-20)*-5.
14
Let z be 7 + (5179 - (2 - -2)). Suppose -z = -30*k - 262. What is the remainder when k is divided by 3?
2
Let r be 0 - (1 - 7 - -1). Suppose -87 = r*y - 34*y. Calculate the remainder when 12 is divided by y.
0
Calculate the remainder when 212 is divided by 59 - (0 - (-80)/26 - 2/26).
44
Suppose 24*l - 96 - 456 = 0. Calculate the remainder when 799 is divided by l.
17
Suppose 7*n = 8*n - w + 25, -5*n + 3*w = 119. Let o(z) = -z**2 - 29*z - 22. What is the remainder when o(n) is divided by 9?
6
Let r(j) = 9*j**2 + 25*j + 71. Let u(x) = -5*x**2 - 13*x - 34. Let g(s) = -6*r(s) - 11*u(s). What is the remainder when g(13) is divided by 1*-14*(-3)/6?
5
Let d = 14453 + -14436. Let c(l) = l**2 + l + 31. Calculate the remainder when c(0) is divided by d.
14
Suppose -4*c = -5*b - 229, -c = 4*b - 2193 + 2120. Calculate the remainder when 252 is divided by c.
8
Suppose 41214 + 6436 = 13*t + 11783. What is the remainder when t is divided by 60?
59
Suppose 35*o + 5*o + 3*o = 645. What is the remainder when 1034 is divided by o?
14
Suppose 109 - 11 = 2*n - y, 2*n + 4*y - 68 = 0. Calculate the remainder when 90 is divided by n.
44
Let o = 251 - 135. What is the remainder when 4402 is divided by o?
110
Let g = -3679 + 3774. What is the remainder when 1131 is divided by g?
86
Suppose -31 - 41 = -3*b. Suppose -4*l + 8 = -b. What is the remainder when 419 + -400 - (-1 + -1) is divided by l?
5
Suppose -4*b - 3306 = 2*b. Let j = b - -736. What is the remainder when j is divided by 97?
88
Suppose 0 = 75*u - 76*u - 4. What is the remainder when 